 the prime factors of 41934?
2, 3, 29, 241
List the prime factors of 2376.
2, 3, 11
What are the prime factors of 2060?
2, 5, 103
What are the prime factors of 1663?
1663
List the prime factors of 63322.
2, 7, 4523
What are the prime factors of 1821?
3, 607
What are the prime factors of 13627?
13627
List the prime factors of 180977.
137, 1321
List the prime factors of 79026.
2, 3, 13171
What are the prime factors of 9500?
2, 5, 19
What are the prime factors of 101076?
2, 3, 8423
List the prime factors of 4002.
2, 3, 23, 29
What are the prime factors of 78361?
23, 3407
What are the prime factors of 2497?
11, 227
List the prime factors of 5929.
7, 11
What are the prime factors of 733?
733
List the prime factors of 2288.
2, 11, 13
What are the prime factors of 5016?
2, 3, 11, 19
What are the prime factors of 58197?
3, 19, 1021
What are the prime factors of 1377?
3, 17
What are the prime factors of 17116?
2, 11, 389
List the prime factors of 4442.
2, 2221
List the prime factors of 159077.
271, 587
What are the prime factors of 2122?
2, 1061
What are the prime factors of 2899?
13, 223
List the prime factors of 3449.
3449
List the prime factors of 167640.
2, 3, 5, 11, 127
What are the prime factors of 13177?
13177
What are the prime factors of 26157?
3, 8719
List the prime factors of 863.
863
What are the prime factors of 82960?
2, 5, 17, 61
List the prime factors of 4721.
4721
List the prime factors of 2992.
2, 11, 17
List the prime factors of 12438.
2, 3, 691
What are the prime factors of 26833?
26833
List the prime factors of 7713.
3, 857
List the prime factors of 6916.
2, 7, 13, 19
What are the prime factors of 1093?
1093
What are the prime factors of 1200?
2, 3, 5
List the prime factors of 24.
2, 3
List the prime factors of 804.
2, 3, 67
What are the prime factors of 5976?
2, 3, 83
List the prime factors of 116.
2, 29
List the prime factors of 14638.
2, 13, 563
What are the prime factors of 32923?
11, 41, 73
What are the prime factors of 2113?
2113
List the prime factors of 20698.
2, 79, 131
What are the prime factors of 65454?
2, 3, 10909
List the prime factors of 1652.
2, 7, 59
What are the prime factors of 13167?
3, 7, 11, 19
List the prime factors of 674.
2, 337
What are the prime factors of 1715?
5, 7
What are the prime factors of 57642?
2, 3, 13, 739
What are the prime factors of 13962?
2, 3, 13, 179
List the prime factors of 4110.
2, 3, 5, 137
What are the prime factors of 24111?
3, 19, 47
List the prime factors of 1767.
3, 19, 31
What are the prime factors of 17746?
2, 19, 467
What are the prime factors of 34663?
17, 2039
What are the prime factors of 5863?
11, 13, 41
What are the prime factors of 1245?
3, 5, 83
List the prime factors of 18142.
2, 47, 193
List the prime factors of 3831.
3, 1277
List the prime factors of 1013.
1013
What are the prime factors of 56534?
2, 23, 1229
What are the prime factors of 178?
2, 89
What are the prime factors of 1816?
2, 227
List the prime factors of 97292.
2, 13, 1871
List the prime factors of 150412.
2, 31, 1213
List the prime factors of 90787.
90787
What are the prime factors of 21549?
3, 11, 653
List the prime factors of 482.
2, 241
What are the prime factors of 74410?
2, 5, 7, 1063
What are the prime factors of 1349?
19, 71
What are the prime factors of 340?
2, 5, 17
List the prime factors of 4807.
11, 19, 23
What are the prime factors of 80622?
2, 3, 1493
What are the prime factors of 5081?
5081
What are the prime factors of 110098?
2, 55049
List the prime factors of 223.
223
List the prime factors of 4182.
2, 3, 17, 41
What are the prime factors of 20514?
2, 3, 13, 263
List the prime factors of 69170.
2, 5, 6917
List the prime factors of 9645.
3, 5, 643
List the prime factors of 12662.
2, 13, 487
What are the prime factors of 23905?
5, 7, 683
List the prime factors of 3838.
2, 19, 101
List the prime factors of 1924.
2, 13, 37
What are the prime factors of 2179?
2179
What are the prime factors of 1235?
5, 13, 19
List the prime factors of 829.
829
List the prime factors of 18790.
2, 5, 1879
List the prime factors of 37960.
2, 5, 13, 73
What are the prime factors of 1484?
2, 7, 53
List the prime factors of 14913.
3, 1657
List the prime factors of 18311.
18311
List the prime factors of 1529.
11, 139
What are the prime factors of 23006?
2, 11503
List the prime factors of 340.
2, 5, 17
List the prime factors of 5748.
2, 3, 479
What are the prime factors of 165?
3, 5, 11
What are the prime factors of 3075?
3, 5, 41
List the prime factors of 571.
571
What are the prime factors of 2525?
5, 101
List the prime factors of 331.
331
List the prime factors of 17927.
7, 13, 197
List the prime factors of 271.
271
What are the prime factors of 2467?
2467
What are the prime factors of 13951?
7, 1993
List the prime factors of 1481.
1481
What are the prime factors of 27663?
3, 9221
List the prime factors of 712.
2, 89
List the prime factors of 5456.
2, 11, 31
What are the prime factors of 2014?
2, 19, 53
List the prime factors of 9918.
2, 3, 19, 29
What are the prime factors of 6160?
2, 5, 7, 11
What are the prime factors of 100101?
3, 61, 547
What are the prime factors of 1380?
2, 3, 5, 23
List the prime factors of 678.
2, 3, 113
List the prime factors of 637.
7, 13
What are the prime factors of 24189?
3, 11, 733
List the prime factors of 6984.
2, 3, 97
List the prime factors of 7993.
7993
What are the prime factors of 13372?
2, 3343
What are the prime factors of 1361?
1361
What are the prime factors of 955?
5, 191
List the prime factors of 90648.
2, 3, 1259
List the prime factors of 4616.
2, 577
List the prime factors of 6043.
6043
List the prime factors of 931.
7, 19
List the prime factors of 3722.
2, 1861
List the prime factors of 1243.
11, 113
What are the prime factors of 2356?
2, 19, 31
What are the prime factors of 1349?
19, 71
What are the prime factors of 12605?
5, 2521
What are the prime factors of 23969?
11, 2179
List the prime factors of 17524.
2, 13, 337
What are the prime factors of 4494?
2, 3, 7, 107
List the prime factors of 16031.
17, 23, 41
List the prime factors of 1052.
2, 263
What are the prime factors of 1905?
3, 5, 127
What are the prime factors of 25941?
3, 8647
What are the prime factors of 39510?
2, 3, 5, 439
What are the prime factors of 68389?
68389
What are the prime factors of 53221?
7, 7603
List the prime factors of 7796.
2, 1949
List the prime factors of 1516.
2, 379
What are the prime factors of 2820?
2, 3, 5, 47
What are the prime factors of 820?
2, 5, 41
List the prime factors of 2851.
2851
What are the prime factors of 7501?
13, 577
What are the prime factors of 1013?
1013
List the prime factors of 2790.
2, 3, 5, 31
List the prime factors of 134938.
2, 19, 53, 67
What are the prime factors of 3286?
2, 31, 53
What are the prime factors of 10861?
10861
List the prime factors of 21.
3, 7
List the prime factors of 14483.
7, 2069
What are the prime factors of 5389?
17, 317
What are the prime factors of 778?
2, 389
List the prime factors of 1814.
2, 907
List the prime factors of 5848.
2, 17, 43
What are the prime factors of 3300?
2, 3, 5, 11
List the prime factors of 152963.
151, 1013
List the prime factors of 38334.
2, 3, 6389
What are the prime factors of 1138?
2, 569
What are the prime factors of 7693?
7, 157
What are the prime factors of 42219?
3, 4691
List the prime factors of 66945.
3, 5, 4463
What are the prime factors of 4161?
3, 19, 73
List the prime factors of 18710.
2, 5, 1871
What are the prime factors of 1838?
2, 919
What are the prime factors of 119?
7, 17
What are the prime factors of 1169?
7, 167
What are the prime factors of 1226?
2, 613
List the prime factors of 23989.
7, 23, 149
List the prime factors of 73327.
73327
List the prime factors of 18755.
5, 11, 31
What are the prime factors of 889?
7, 127
List the prime factors of 3890.
2, 5, 389
What are the prime factors of 6234?
2, 3, 1039
What are the prime factors of 32537?
32537
List the prime factors of 3327.
3, 1109
List the prime factors of 406.
2, 7, 29
What are the prime factors of 5054?
2, 7, 19
List the prime factors of 6441.
3, 19, 113
What are the prime factors of 33587?
33587
What are the prime factors of 6604?
2, 13, 127
What are the prime factors of 12751?
41, 311
List the prime factors of 40127.
